e the prime factors of p?
2, 5
Let f(r) = r**3 - 6*r**2 + r - 4. Let l = -9 + 15. Let w be f(l). Suppose 0 = 3*s + w*s - 30. List the prime factors of s.
2, 3
Let m be ((-6)/(-4))/((-12)/(-16)). Let x(c) = 5*c**2 + c**2 + 0*c**m - 4*c - 5*c**2. What are the prime factors of x(6)?
2, 3
Suppose 0 = 3*i - 2*i - 6. Let q(o) = o**3 - 4*o**2 - 7*o + 9. List the prime factors of q(i).
3, 13
Let h(d) = -d**3 - d**2. Let j(r) = 5*r**3 + 15*r**2 + 9*r + 2. Let b(f) = -6*h(f) - j(f). Let g be b(10). What are the prime factors of (8/3)/(g/36)?
2, 3
Let r(t) = -t**3 + 6*t**2 + 2. Let f = -5 - -11. Let b be r(f). List the prime factors of 5 + 3 + (4 - b).
2, 5
Let s(z) = 22*z - 5. What are the prime factors of s(5)?
3, 5, 7
Suppose 4*i + i - 5 = 0, s + 5*i - 13 = 0. Let d = s - -2. List the prime factors of d.
2, 5
Let b be (-3 - (-1 + -18))*6. Suppose 6*y - 2*y = b. List the prime factors of y.
2, 3
Suppose 29 = -0*m + m. What are the prime factors of m?
29
Let s(k) = -3*k + 1. Let h be s(-9). Let p = h + -5. List the prime factors of p.
23
Let s be (1 - -1) + (3 - 2). Suppose -g - 11 = g + 5*h, 3*g + 39 = -s*h. Let d = 31 + g. What are the prime factors of d?
13
Let w(k) = -k**2 - 8*k - 8. Let r be w(-6). Suppose -2*b + 3*g = -r*b + 10, 5*g - 6 = -2*b. Let y = b - 3. List the prime factors of y.
5
Let n(k) = 6*k + 15. Let t(d) = -7*d - 16. Let y(h) = 6*n(h) + 5*t(h). Let i be y(-6). Suppose 27 = 3*c + i*b + 9, 3*b = 0. List the prime factors of c.
2, 3
Let o(n) be the third derivative of 0*n**5 - n**2 + 0 + 0*n + 3/2*n**3 - 1/120*n**6 - 1/24*n**4. List the prime factors of o(0).
3
Let v = -7 + 20. What are the prime factors of v?
13
Let p = 11 + 29. List the prime factors of p.
2, 5
Let r = 1 - -2. Suppose -r*o + 13 = x, 0*x - 3*x = -5*o + 17. What are the prime factors of x*3 + 2 + -2?
3
Let m(p) = p**2 + 2*p + 6. What are the prime factors of m(-6)?
2, 3, 5
Let s(c) = 3*c + 12. Let i be s(-8). Let x = -7 - i. List the prime factors of x.
5
Let z = 105 - 97. What are the prime factors of z?
2
Let c = -3 - -17. Let q = 12 + c. Suppose -6 + q = 4*n. List the prime factors of n.
5
Suppose -2*a = -4*v + 9*v - 16, -3*a - 26 = -5*v. Suppose 0 = 5*q - q + 20, 2*c - 13 = 3*q. What are the prime factors of (-9)/c*(a + 3)?
3
Suppose 0 = 2*v - 26. Suppose -a + 3*m + v = 0, -2*a + 3 = -m - 8. List the prime factors of a.
2
Let n = -6 + 9. Suppose -b - n*b = 0. Let h = 2 + b. List the prime factors of h.
2
Let o(c) = c**3 - 5*c**2 + 5*c + 3. What are the prime factors of o(5)?
2, 7
Let h be -6*1/(-2) + 0. Let j(s) = -1 + h*s - 2*s - 8*s - 7*s. What are the prime factors of j(-1)?
13
Let g = -7 - -1. Let f = g - -17. List the prime factors of f.
11
Let a = -42 + 80. Suppose -89 - 23 = 5*y - t, -y - 5*t = a. Let i = y - -32. List the prime factors of i.
3
Suppose 3*s + 45 = k, s + 3*s - 10 = -k. List the prime factors of k.
2, 3, 5
Let k(i) = i**2 + 5*i + 1. Suppose 0*q - 13 = -2*q + s, -41 = -4*q + 5*s. List the prime factors of k(q).
37
Let r(g) = -9*g**3 - g**2 + 2*g. What are the prime factors of r(-2)?
2
Let u(p) = 56*p**2 + p - 1. What are the prime factors of u(1)?
2, 7
Suppose 5*n - 3*s - 13 = 287, -n - 5*s = -60. What are the prime factors of n?
2, 3, 5
Let p = -10 - -19. Suppose 2*z - p - 1 = 0. List the prime factors of z.
5
Suppose 0 = 2*z - s - 132, 5*z - s - 325 - 8 = 0. What are the prime factors of z?
67
Let v(z) = 5*z**2 + 1. Let f be v(-3). Suppose -2*j = -j + f. Let g = -30 - j. List the prime factors of g.
2
Suppose 55 + 3 = c. List the prime factors of c.
2, 29
Let y = -30 - -56. What are the prime factors of 2/((-8)/y)*-2?
13
Suppose 17 = -4*u - 39. Let t(k) = -3*k + 10. What are the prime factors of t(u)?
2, 13
Suppose 68 = 5*c + 28. Suppose -3*r - 4 = 5*w, 10*r - 9*r + 2*w = -2. Suppose 5*t + c - 27 = -r*a, -a - 1 = -t. What are the prime factors of a?
2
List the prime factors of ((-48)/(-2))/((-6)/(-8)).
2
Let u = 7 - 10. List the prime factors of (-1)/u + (-960)/(-36).
3
Suppose -320 = -3*l - l + 2*v, l = 5*v + 62. Let x = -44 + l. List the prime factors of x.
2, 19
Let r = 188 + -99. List the prime factors of r.
89
Let z be (1 + 6/(-4))*0. Suppose z = -t - 5*v + 14, 0*t - 56 = -4*t + v. List the prime factors of t.
2, 7
Suppose 0 = -5*r - 1 - 4. Let l(a) = -71*a. Let j be l(r). Suppose -j = -5*h - 11. List the prime factors of h.
2, 3
Let q = -175 - -260. List the prime factors of q.
5, 17
Let c = 14 - 12. What are the prime factors of c?
2
Suppose -4*x + 0*x = -8. Let z be 5*(-2 - (x + -3)). What are the prime factors of 192/20 - 2/z?
2, 5
Let y = 12 + 25. List the prime factors of y.
37
Suppose -t + 5 = v - 3*t, -2*v = 3*t - 17. What are the prime factors of v*(-1 - 26/(-14))?
2, 3
Let j be (-2)/(-4) - 18/4. Let z(m) = -m**3 - 4*m**2 - 3*m - 4. Let v be z(j). List the prime factors of (6/v)/(2/16).
2, 3
Suppose -w = 0, -n + 2*w - w = -5. Suppose -40 = -3*v + n. What are the prime factors of v?
3, 5
Let g(u) = -u + 5. Let d be 4/(3 - (5 + -1)). Let j be g(d). Suppose -24 = -5*n - j. List the prime factors of n.
3
Let n be (-3)/(-2)*8/6. Suppose z - 3*q = 7, -z + 4*q - 21 = -n*z. What are the prime factors of z?
13
Suppose -5*i + 4*v + 22 = -25, -4*i + 4*v + 36 = 0. Let j = i - 6. What are the prime factors of j?
5
Let q = -123 + 323. List the prime factors of q.
2, 5
Let u(y) = -7*y + 13. List the prime factors of u(-4).
41
Let d = -56 + 34. Let x = -6 - d. What are the prime factors of x?
2
What are the prime factors of 1/(-1 + 111/110)?
2, 5, 11
Suppose -k + 5*k - 272 = -2*n, 2*n = -2*k + 132. Suppose -5*h = 3*g - k, -8*g + 3*g = 2*h - 28. Let u = h - 8. List the prime factors of u.
2, 3
Suppose -q - 3*b + 1 = 13, -18 = -q + 3*b. Suppose 2*s = -3*v + q, -16 = -2*s - 3*s + v. Suppose -2*o - s*o = -70. List the prime factors of o.
2, 7
Let d(h) = 112*h + 11. List the prime factors of d(1).
3, 41
Suppose 0 = 11*r - 2299 - 341. List the prime factors of r.
2, 3, 5
List the prime factors of 2 + 13/(-6) - 3282/(-36).
7, 13
Suppose 2*s - 4 = 0, 0 = -6*n + 4*n + s + 2. Suppose n*w - 99 = -w. What are the prime factors of w?
3, 11
Suppose 0 = p + 3*p. Suppose p = -5*f - 5*m + 115, m - 7 = 4*f - 94. Suppose 4*x - 2*x - f = 0. List the prime factors of x.
11
Suppose v + v = 8. Suppose 0 = -5*t - v + 9. Let l = 6 - t. List the prime factors of l.
5
Suppose 6*k = 4*k - 92. List the prime factors of (2 + -1)/((-2)/k).
23
List the prime factors of (-728)/(-12)*(-6)/(-4).
7, 13
Suppose 0 = 4*q + 2*x - 48, 7*q - 2*q + 5*x = 70. What are the prime factors of 5/(q/(-16))*-2?
2
Let s be ((-2)/5)/((-5)/(-75)). Let v = s - -10. List the prime factors of v.
2
Let v = -4 + 7. Suppose v*j = -2*k - 4, k - 19 = -2*j + 4*k. List the prime factors of j.
2
List the prime factors of 4/(-14) - ((-4796)/28 - 4).
5, 7
Let l(r) = 4*r - 5. Let z(j) = j**3 - 4*j**2 - 4*j - 1. Suppose -d - 3*y - 5 - 5 = 0, 5*d = 5*y + 50. Let p be z(d). What are the prime factors of l(p)?
11
Let a be (-185)/(-35) - (-4)/(-14). Suppose -a*t = -t - 56. What are the prime factors of t?
2, 7
Let y(j) = -j**2 + 8*j - 2. Suppose 5*h - 2*h - 9 = 0. Suppose -7*a = -h*a - 24. What are the prime factors of y(a)?
2, 5
What are the prime factors of 98/3 - 2/3?
2
Let w be (-10)/(-45) - 358/(-9). Suppose -2*v + w + 8 = 0. What are the prime factors of v?
2, 3
Suppose 4*x = -4*q + 240, 2*q - 356 = -5*x - 59. List the prime factors of x.
59
Let m be -9 + 11 - (-1 + 1). Suppose 44 = m*a + 2*a. What are the prime factors of a?
11
Let i(x) = 2*x**2 - 10*x - 9. List the prime factors of i(8).
3, 13
Let o = -11 - -17. Suppose -o = -4*s - 22. Let a = 1 - s. What are the prime factors of a?
5
Suppose 3*h = 6*h - 9. Suppose -49 = -3*x - 5*j, 0 = 5*j - 22 - h. What are the prime factors of x?
2
Let d = 6 + -9. Let k = d - -14. What are the prime factors of k?
11
Suppose 7*m - 8*m = -52. What are the prime factors of m?
2, 13
Let m be 0/(-1 + (-2)/2). Suppose 2*q + 2 - 12 = m. Suppose 2*p - 5*r = 1, -r + 17 = q*p + r. What are the prime factors of p?
3
Suppose 5*d = -5*h - 5, -2*h + d + 1 = -0*h. Suppose 5*k - 1 + 36 = h. What are the prime factors of k/(-2) - 3/(-6)?
2
Suppose -a - q = -3*a + 23, -2*a - q + 13 = 0. List the prime factors of a.
3
Suppose -3*s - 3*r = -12, -s - 4*r = -0*s - 10. Suppose -3*g = s*g -